{"id":606,"date":"2020-04-21T10:33:33","date_gmt":"2020-04-21T10:33:33","guid":{"rendered":"https:\/\/cdi.hr\/?page_id=606"},"modified":"2021-02-05T06:52:28","modified_gmt":"2021-02-05T06:52:28","slug":"nacionalni","status":"publish","type":"page","link":"https:\/\/cdi.hr\/en\/nacionalni\/","title":{"rendered":"National"},"content":{"rendered":"<p><span style=\"color: #de4949;\"><strong>YOUTH IN CROATIA ACTIVE ABOUT GLOBAL SUSTAINABLE DEVELOPMENT GOALS (SDGs)<\/strong><\/span><\/p>\n<ul>\n<li>At the national level, we are implementing a project: Youth in Croatia Active around the Global Sustainable Development Goals (SDGs) through which we actively work with all JLPRS and empower young people to take an active role in the community.<\/li>\n<\/ul>\n<p><iframe loading=\"lazy\" title=\"UN Sustainable Development Goals (SDGs): What They Are &amp; Why They&#039;re Important\" width=\"750\" height=\"422\" src=\"https:\/\/www.youtube.com\/embed\/qAIolKgDPrA?feature=oembed\" frameborder=\"0\" allow=\"accelerometer; autoplay; clipboard-write; encrypted-media; gyroscope; picture-in-picture\" allowfullscreen><\/iframe><\/p>\n<p><a href=\"https:\/\/cdi.hr\/en\/sdg-ambasadori\/\"><img loading=\"lazy\" decoding=\"async\" class=\"wp-image-951\" src=\"https:\/\/cdi.hr\/wp-content\/uploads\/2021\/01\/Mladi-u-Hrvatskoj-aktivni-oko-Globalnih-ciljeva-odrzivog-razvoja-SDG-978x1024.png\" alt=\"\" width=\"499\" height=\"523\" srcset=\"https:\/\/cdi.hr\/wp-content\/uploads\/2021\/01\/Mladi-u-Hrvatskoj-aktivni-oko-Globalnih-ciljeva-odrzivog-razvoja-SDG-978x1024.png 978w, https:\/\/cdi.hr\/wp-content\/uploads\/2021\/01\/Mladi-u-Hrvatskoj-aktivni-oko-Globalnih-ciljeva-odrzivog-razvoja-SDG-287x300.png 287w, https:\/\/cdi.hr\/wp-content\/uploads\/2021\/01\/Mladi-u-Hrvatskoj-aktivni-oko-Globalnih-ciljeva-odrzivog-razvoja-SDG-768x804.png 768w, https:\/\/cdi.hr\/wp-content\/uploads\/2021\/01\/Mladi-u-Hrvatskoj-aktivni-oko-Globalnih-ciljeva-odrzivog-razvoja-SDG-1467x1536.png 1467w, https:\/\/cdi.hr\/wp-content\/uploads\/2021\/01\/Mladi-u-Hrvatskoj-aktivni-oko-Globalnih-ciljeva-odrzivog-razvoja-SDG-11x12.png 11w, https:\/\/cdi.hr\/wp-content\/uploads\/2021\/01\/Mladi-u-Hrvatskoj-aktivni-oko-Globalnih-ciljeva-odrzivog-razvoja-SDG.png 1575w\" sizes=\"(max-width: 499px) 100vw, 499px\" \/><\/a><\/p>\n<h1><span style=\"color: #3366ff;\"><strong><a href=\"https:\/\/cdi.hr\/en\/sdg-ambasadori\/\">POPIS<\/a> SDG AMBASADORA<\/strong><\/span><\/h1>\n<p>&nbsp;<\/p>\n<figure id=\"attachment_999\" aria-describedby=\"caption-attachment-999\" style=\"width: 498px\" class=\"wp-caption alignleft\"><a href=\"https:\/\/cdi.hr\/en\/prijava-za-sdg-ambasadora\/\"><img loading=\"lazy\" decoding=\"async\" class=\"wp-image-999\" src=\"https:\/\/cdi.hr\/wp-content\/uploads\/2021\/02\/PRONADI-SVOJ-CILJ-2-724x1024.png\" alt=\"\" width=\"498\" height=\"704\" srcset=\"https:\/\/cdi.hr\/wp-content\/uploads\/2021\/02\/PRONADI-SVOJ-CILJ-2-724x1024.png 724w, https:\/\/cdi.hr\/wp-content\/uploads\/2021\/02\/PRONADI-SVOJ-CILJ-2-212x300.png 212w, https:\/\/cdi.hr\/wp-content\/uploads\/2021\/02\/PRONADI-SVOJ-CILJ-2-768x1086.png 768w, https:\/\/cdi.hr\/wp-content\/uploads\/2021\/02\/PRONADI-SVOJ-CILJ-2-1086x1536.png 1086w, https:\/\/cdi.hr\/wp-content\/uploads\/2021\/02\/PRONADI-SVOJ-CILJ-2-1448x2048.png 1448w, https:\/\/cdi.hr\/wp-content\/uploads\/2021\/02\/PRONADI-SVOJ-CILJ-2-8x12.png 8w, https:\/\/cdi.hr\/wp-content\/uploads\/2021\/02\/PRONADI-SVOJ-CILJ-2.png 1587w\" sizes=\"(max-width: 498px) 100vw, 498px\" \/><\/a><figcaption id=\"caption-attachment-999\" class=\"wp-caption-text\"><a href=\"https:\/\/cdi.hr\/en\/prijava-za-sdg-ambasadora\/\"><span style=\"color: #3366ff;\">PRIJAVA ZA SDG AMBASADORA<\/span><\/a> &#8211; uklju\u010di se i ti u pra\u0107enje realizacije globalnih ciljeva odr\u017eivog razvoja<\/figcaption><\/figure>\n<h2 style=\"text-align: center;\"><\/h2>\n<p>&nbsp;<\/p>\n<h2 style=\"text-align: left;\"><\/h2>","protected":false},"excerpt":{"rendered":"<p>MLADI U HRVATSKOJ AKTIVNI OKO GLOBALNIH CILJEVA ODR\u017dIVOG RAZVOJA (SDG) Na nacionalnoj razini provodimo projekt: Mladi u Hrvatskoj aktivni oko Globalnih ciljeva odr\u017eivog razvoja (SDG) kroz koji aktivno sura\u0111ujemo sa svim JLPRS te ja\u010damo mlade za zauzimanje aktivne uloge u<\/p>","protected":false},"author":1,"featured_media":0,"parent":0,"menu_order":0,"comment_status":"closed","ping_status":"closed","template":"","meta":{"footnotes":""},"class_list":["post-606","page","type-page","status-publish","hentry"],"_links":{"self":[{"href":"https:\/\/cdi.hr\/en\/wp-json\/wp\/v2\/pages\/606"}],"collection":[{"href":"https:\/\/cdi.hr\/en\/wp-json\/wp\/v2\/pages"}],"about":[{"href":"https:\/\/cdi.hr\/en\/wp-json\/wp\/v2\/types\/page"}],"author":[{"embeddable":true,"href":"https:\/\/cdi.hr\/en\/wp-json\/wp\/v2\/users\/1"}],"replies":[{"embeddable":true,"href":"https:\/\/cdi.hr\/en\/wp-json\/wp\/v2\/comments?post=606"}],"version-history":[{"count":14,"href":"https:\/\/cdi.hr\/en\/wp-json\/wp\/v2\/pages\/606\/revisions"}],"predecessor-version":[{"id":1000,"href":"https:\/\/cdi.hr\/en\/wp-json\/wp\/v2\/pages\/606\/revisions\/1000"}],"wp:attachment":[{"href":"https:\/\/cdi.hr\/en\/wp-json\/wp\/v2\/media?parent=606"}],"curies":[{"name":"wp","href":"https:\/\/api.w.org\/{rel}","templated":true}]}}

<p><span style="color: #de4949;"><strong>YOUTH IN CROATIA ACTIVE ABOUT GLOBAL SUSTAINABLE DEVELOPMENT GOALS (SDGs)</strong></span></p>
<ul>
<li>At the national level, we are implementing a project: Youth in Croatia Active around the Global Sustainable Development Goals (SDGs) through which we actively work with all JLPRS and empower young people to take an active role in the community.</li>
</ul>
<p><iframe loading="lazy" title="UN Sustainable Development Goals (SDGs): What They Are &amp; Why They&#039;re Important" width="750" height="422" src="https://www.youtube.com/embed/qAIolKgDPrA?feature=oembed" frameborder="0" allow="accelerometer; autoplay; clipboard-write; encrypted-media; gyroscope; picture-in-picture" allowfullscreen></iframe></p>
<p><a href="https://cdi.hr/en/sdg-ambasadori/"><img loading="lazy" decoding="async" class="wp-image-951" src="https://cdi.hr/wp-content/uploads/2021/01/Mladi-u-Hrvatskoj-aktivni-oko-Globalnih-ciljeva-odrzivog-razvoja-SDG-978x1024.png" alt="" width="499" height="523" srcset="https://cdi.hr/wp-content/uploads/2021/01/Mladi-u-Hrvatskoj-aktivni-oko-Globalnih-ciljeva-odrzivog-razvoja-SDG-978x1024.png 978w, https://cdi.hr/wp-content/uploads/2021/01/Mladi-u-Hrvatskoj-aktivni-oko-Globalnih-ciljeva-odrzivog-razvoja-SDG-287x300.png 287w, https://cdi.hr/wp-content/uploads/2021/01/Mladi-u-Hrvatskoj-aktivni-oko-Globalnih-ciljeva-odrzivog-razvoja-SDG-768x804.png 768w, https://cdi.hr/wp-content/uploads/2021/01/Mladi-u-Hrvatskoj-aktivni-oko-Globalnih-ciljeva-odrzivog-razvoja-SDG-1467x1536.png 1467w, https://cdi.hr/wp-content/uploads/2021/01/Mladi-u-Hrvatskoj-aktivni-oko-Globalnih-ciljeva-odrzivog-razvoja-SDG-11x12.png 11w, https://cdi.hr/wp-content/uploads/2021/01/Mladi-u-Hrvatskoj-aktivni-oko-Globalnih-ciljeva-odrzivog-razvoja-SDG.png 1575w" sizes="(max-width: 499px) 100vw, 499px" /></a></p>
<h1><span style="color: #3366ff;"><strong><a href="https://cdi.hr/en/sdg-ambasadori/">POPIS</a> SDG AMBASADORA</strong></span></h1>
<p>&nbsp;</p>
<figure id="attachment_999" aria-describedby="caption-attachment-999" style="width: 498px" class="wp-caption alignleft"><a href="https://cdi.hr/en/prijava-za-sdg-ambasadora/"><img loading="lazy" decoding="async" class="wp-image-999" src="https://cdi.hr/wp-content/uploads/2021/02/PRONADI-SVOJ-CILJ-2-724x1024.png" alt="" width="498" height="704" srcset="https://cdi.hr/wp-content/uploads/2021/02/PRONADI-SVOJ-CILJ-2-724x1024.png 724w, https://cdi.hr/wp-content/uploads/2021/02/PRONADI-SVOJ-CILJ-2-212x300.png 212w, https://cdi.hr/wp-content/uploads/2021/02/PRONADI-SVOJ-CILJ-2-768x1086.png 768w, https://cdi.hr/wp-content/uploads/2021/02/PRONADI-SVOJ-CILJ-2-1086x1536.png 1086w, https://cdi.hr/wp-content/uploads/2021/02/PRONADI-SVOJ-CILJ-2-1448x2048.png 1448w, https://cdi.hr/wp-content/uploads/2021/02/PRONADI-SVOJ-CILJ-2-8x12.png 8w, https://cdi.hr/wp-content/uploads/2021/02/PRONADI-SVOJ-CILJ-2.png 1587w" sizes="(max-width: 498px) 100vw, 498px" /></a><figcaption id="caption-attachment-999" class="wp-caption-text"><a href="https://cdi.hr/en/prijava-za-sdg-ambasadora/"><span style="color: #3366ff;">PRIJAVA ZA SDG AMBASADORA</span></a> &#8211; uključi se i ti u praćenje realizacije globalnih ciljeva održivog razvoja</figcaption></figure>
<h2 style="text-align: center;"></h2>
<p>&nbsp;</p>
<h2 style="text-align: left;"></h2>

<p>MLADI U HRVATSKOJ AKTIVNI OKO GLOBALNIH CILJEVA ODRŽIVOG RAZVOJA (SDG) Na nacionalnoj razini provodimo projekt: Mladi u Hrvatskoj aktivni oko Globalnih ciljeva održivog razvoja (SDG) kroz koji aktivno surađujemo sa svim JLPRS te jačamo mlade za zauzimanje aktivne uloge u</p>
